{"version":"1.0","provider_name":"Wellington Rabello","provider_url":"https:\/\/jornalpequeno.blog.br\/wellingtonrabello","author_name":"wellingtonrabello","author_url":"https:\/\/jornalpequeno.blog.br\/wellingtonrabello\/author\/wellingtonrabello\/","title":"N\u00f3s, de fato, somos o povo brasileiro? - Wellington Rabello","type":"rich","width":600,"height":338,"html":"<blockquote class=\"wp-embedded-content\" data-secret=\"iaPs7G8qPK\"><a href=\"https:\/\/jornalpequeno.blog.br\/wellingtonrabello\/2025\/05\/17\/nos-de-fato-somos-o-povo-brasileiro\/\">N\u00f3s, de fato, somos o povo brasileiro?<\/a><\/blockquote><iframe sandbox=\"allow-scripts\" security=\"restricted\" src=\"https:\/\/jornalpequeno.blog.br\/wellingtonrabello\/2025\/05\/17\/nos-de-fato-somos-o-povo-brasileiro\/embed\/#?secret=iaPs7G8qPK\" width=\"600\" height=\"338\" title=\"&#8220;N\u00f3s, de fato, somos o povo brasileiro?&#8221; &#8212; Wellington Rabello\" data-secret=\"iaPs7G8qPK\" frameborder=\"0\" marginwidth=\"0\" marginheight=\"0\" scrolling=\"no\" class=\"wp-embedded-content\"><\/iframe><script type=\"text\/javascript\">\n\/* <![CDATA[ *\/\n\/*! This file is auto-generated *\/\n!function(d,l){\"use strict\";l.querySelector&&d.addEventListener&&\"undefined\"!=typeof URL&&(d.wp=d.wp||{},d.wp.receiveEmbedMessage||(d.wp.receiveEmbedMessage=function(e){var t=e.data;if((t||t.secret||t.message||t.value)&&!\/[^a-zA-Z0-9]\/.test(t.secret)){for(var s,r,n,a=l.querySelectorAll('iframe[data-secret=\"'+t.secret+'\"]'),o=l.querySelectorAll('blockquote[data-secret=\"'+t.secret+'\"]'),c=new RegExp(\"^https?:$\",\"i\"),i=0;i<o.length;i++)o[i].style.display=\"none\";for(i=0;i<a.length;i++)s=a[i],e.source===s.contentWindow&&(s.removeAttribute(\"style\"),\"height\"===t.message?(1e3<(r=parseInt(t.value,10))?r=1e3:~~r<200&&(r=200),s.height=r):\"link\"===t.message&&(r=new URL(s.getAttribute(\"src\")),n=new URL(t.value),c.test(n.protocol))&&n.host===r.host&&l.activeElement===s&&(d.top.location.href=t.value))}},d.addEventListener(\"message\",d.wp.receiveEmbedMessage,!1),l.addEventListener(\"DOMContentLoaded\",function(){for(var e,t,s=l.querySelectorAll(\"iframe.wp-embedded-content\"),r=0;r<s.length;r++)(t=(e=s[r]).getAttribute(\"data-secret\"))||(t=Math.random().toString(36).substring(2,12),e.src+=\"#?secret=\"+t,e.setAttribute(\"data-secret\",t)),e.contentWindow.postMessage({message:\"ready\",secret:t},\"*\")},!1)))}(window,document);\n\/\/# sourceURL=https:\/\/jornalpequeno.blog.br\/wellingtonrabello\/wp-includes\/js\/wp-embed.min.js\n\/* ]]> *\/\n<\/script>\n","thumbnail_url":"https:\/\/jornalpequeno.blog.br\/wellingtonrabello\/files\/2025\/05\/Ebnilson-Costa-Carvalho.jpeg","thumbnail_width":400,"thumbnail_height":567,"description":"Hoje, n\u00e3o escrevo como militante de uma classe, nem como algu\u00e9m que representa setores espec\u00edficos da sociedade. Escrevo como cidad\u00e3o brasileiro, como homem comum, que paga impostos, que trabalha, que acredita na justi\u00e7a e na democracia, mas que est\u00e1 cansado \u2014 como milh\u00f5es de outros brasileiros \u2014 da corrup\u00e7\u00e3o institucionalizada que tomou conta do nosso [&hellip;]"}

Nós, de fato, somos o povo brasileiro? - Wellington Rabello

<blockquote class="wp-embedded-content" data-secret="iaPs7G8qPK"><a href="https://jornalpequeno.blog.br/wellingtonrabello/2025/05/17/nos-de-fato-somos-o-povo-brasileiro/">Nós, de fato, somos o povo brasileiro?</a></blockquote><iframe sandbox="allow-scripts" security="restricted" src="https://jornalpequeno.blog.br/wellingtonrabello/2025/05/17/nos-de-fato-somos-o-povo-brasileiro/embed/#?secret=iaPs7G8qPK" width="600" height="338" title="&#8220;Nós, de fato, somos o povo brasileiro?&#8221; &#8212; Wellington Rabello" data-secret="iaPs7G8qPK" frameborder="0" marginwidth="0" marginheight="0" scrolling="no" class="wp-embedded-content"></iframe><script type="text/javascript">
/* <![CDATA[ */
/*! This file is auto-generated */
!function(d,l){"use strict";l.querySelector&&d.addEventListener&&"undefined"!=typeof URL&&(d.wp=d.wp||{},d.wp.receiveEmbedMessage||(d.wp.receiveEmbedMessage=function(e){var t=e.data;if((t||t.secret||t.message||t.value)&&!/[^a-zA-Z0-9]/.test(t.secret)){for(var s,r,n,a=l.querySelectorAll('iframe[data-secret="'+t.secret+'"]'),o=l.querySelectorAll('blockquote[data-secret="'+t.secret+'"]'),c=new RegExp("^https?:$","i"),i=0;i<o.length;i++)o[i].style.display="none";for(i=0;i<a.length;i++)s=a[i],e.source===s.contentWindow&&(s.removeAttribute("style"),"height"===t.message?(1e3<(r=parseInt(t.value,10))?r=1e3:~~r<200&&(r=200),s.height=r):"link"===t.message&&(r=new URL(s.getAttribute("src")),n=new URL(t.value),c.test(n.protocol))&&n.host===r.host&&l.activeElement===s&&(d.top.location.href=t.value))}},d.addEventListener("message",d.wp.receiveEmbedMessage,!1),l.addEventListener("DOMContentLoaded",function(){for(var e,t,s=l.querySelectorAll("iframe.wp-embedded-content"),r=0;r<s.length;r++)(t=(e=s[r]).getAttribute("data-secret"))||(t=Math.random().toString(36).substring(2,12),e.src+="#?secret="+t,e.setAttribute("data-secret",t)),e.contentWindow.postMessage({message:"ready",secret:t},"*")},!1)))}(window,document);
//# sourceURL=https://jornalpequeno.blog.br/wellingtonrabello/wp-includes/js/wp-embed.min.js
/* ]]> */
</script>

Hoje, não escrevo como militante de uma classe, nem como alguém que representa setores específicos da sociedade. Escrevo como cidadão brasileiro, como homem comum, que paga impostos, que trabalha, que acredita na justiça e na democracia, mas que está cansado — como milhões de outros brasileiros — da corrupção institucionalizada que tomou conta do nosso [&hellip;]
