{"version":"1.0","provider_name":"John Cutrim","provider_url":"https:\/\/jornalpequeno.blog.br\/johncutrim","author_name":"John Cutrim","author_url":"https:\/\/jornalpequeno.blog.br\/johncutrim\/author\/johncutrim\/","title":"Sarney prepara autobiografia reveladora - John Cutrim","type":"rich","width":600,"height":338,"html":"<blockquote class=\"wp-embedded-content\" data-secret=\"2XFE1H1MKA\"><a href=\"https:\/\/jornalpequeno.blog.br\/johncutrim\/sarney-prepara-autobiografia-reveladora\/\">Sarney prepara autobiografia reveladora<\/a><\/blockquote><iframe sandbox=\"allow-scripts\" security=\"restricted\" src=\"https:\/\/jornalpequeno.blog.br\/johncutrim\/sarney-prepara-autobiografia-reveladora\/embed\/#?secret=2XFE1H1MKA\" width=\"600\" height=\"338\" title=\"&#8220;Sarney prepara autobiografia reveladora&#8221; &#8212; John Cutrim\" data-secret=\"2XFE1H1MKA\" frameborder=\"0\" marginwidth=\"0\" marginheight=\"0\" scrolling=\"no\" class=\"wp-embedded-content\"><\/iframe><script type=\"text\/javascript\">\n\/* <![CDATA[ *\/\n\/*! This file is auto-generated *\/\n!function(d,l){\"use strict\";l.querySelector&&d.addEventListener&&\"undefined\"!=typeof URL&&(d.wp=d.wp||{},d.wp.receiveEmbedMessage||(d.wp.receiveEmbedMessage=function(e){var t=e.data;if((t||t.secret||t.message||t.value)&&!\/[^a-zA-Z0-9]\/.test(t.secret)){for(var s,r,n,a=l.querySelectorAll('iframe[data-secret=\"'+t.secret+'\"]'),o=l.querySelectorAll('blockquote[data-secret=\"'+t.secret+'\"]'),c=new RegExp(\"^https?:$\",\"i\"),i=0;i<o.length;i++)o[i].style.display=\"none\";for(i=0;i<a.length;i++)s=a[i],e.source===s.contentWindow&&(s.removeAttribute(\"style\"),\"height\"===t.message?(1e3<(r=parseInt(t.value,10))?r=1e3:~~r<200&&(r=200),s.height=r):\"link\"===t.message&&(r=new URL(s.getAttribute(\"src\")),n=new URL(t.value),c.test(n.protocol))&&n.host===r.host&&l.activeElement===s&&(d.top.location.href=t.value))}},d.addEventListener(\"message\",d.wp.receiveEmbedMessage,!1),l.addEventListener(\"DOMContentLoaded\",function(){for(var e,t,s=l.querySelectorAll(\"iframe.wp-embedded-content\"),r=0;r<s.length;r++)(t=(e=s[r]).getAttribute(\"data-secret\"))||(t=Math.random().toString(36).substring(2,12),e.src+=\"#?secret=\"+t,e.setAttribute(\"data-secret\",t)),e.contentWindow.postMessage({message:\"ready\",secret:t},\"*\")},!1)))}(window,document);\n\/\/# sourceURL=https:\/\/jornalpequeno.blog.br\/johncutrim\/wp-includes\/js\/wp-embed.min.js\n\/* ]]> *\/\n<\/script>\n","thumbnail_url":"https:\/\/jornalpequeno.blog.br\/johncutrim\/files\/2022\/10\/jos\u00e9-sarney.jpeg","thumbnail_width":848,"thumbnail_height":477,"description":"O ex-presidente Jos\u00e9 Sarney, um dos pol\u00edticos mais influentes da hist\u00f3ria do pa\u00eds, fechou contrato com uma editora nacional \u2014o nome n\u00e3o foi revelado\u2014 para que sua \u201cAutobiografia\u201d seja publicada. Pelo acordo, a obra n\u00e3o sair\u00e1 em\u00a0vida. Isso porque Sarney fez um relato hist\u00f3rico minucioso, sem poupar aliados, nem desafetos. Ser\u00e1 a vis\u00e3o do ex-presidente [&hellip;]"}

https://jornalpequeno.blog.br/johncutrim/files/2022/10/josé-sarney.jpeg

O ex-presidente José Sarney, um dos políticos mais influentes da história do país, fechou contrato com uma editora nacional —o nome não foi revelado— para que sua “Autobiografia” seja publicada. Pelo acordo, a obra não sairá em vida. Isso porque Sarney fez um relato histórico minucioso, sem poupar aliados, nem desafetos. Será a visão do ex-presidente [&hellip;]
