{"version":"1.0","provider_name":"John Cutrim","provider_url":"https:\/\/jornalpequeno.blog.br\/johncutrim","author_name":"John Cutrim","author_url":"https:\/\/jornalpequeno.blog.br\/johncutrim\/author\/johncutrim\/","title":"Sarneisistas e neocomunistas - John Cutrim","type":"rich","width":600,"height":338,"html":"<blockquote class=\"wp-embedded-content\" data-secret=\"SZ6hj0eTOS\"><a href=\"https:\/\/jornalpequeno.blog.br\/johncutrim\/sarneisistas-e-neocomunistas\/\">Sarneisistas e neocomunistas<\/a><\/blockquote><iframe sandbox=\"allow-scripts\" security=\"restricted\" src=\"https:\/\/jornalpequeno.blog.br\/johncutrim\/sarneisistas-e-neocomunistas\/embed\/#?secret=SZ6hj0eTOS\" width=\"600\" height=\"338\" title=\"&#8220;Sarneisistas e neocomunistas&#8221; &#8212; John Cutrim\" data-secret=\"SZ6hj0eTOS\" frameborder=\"0\" marginwidth=\"0\" marginheight=\"0\" scrolling=\"no\" class=\"wp-embedded-content\"><\/iframe><script type=\"text\/javascript\">\n\/* <![CDATA[ *\/\n\/*! This file is auto-generated *\/\n!function(d,l){\"use strict\";l.querySelector&&d.addEventListener&&\"undefined\"!=typeof URL&&(d.wp=d.wp||{},d.wp.receiveEmbedMessage||(d.wp.receiveEmbedMessage=function(e){var t=e.data;if((t||t.secret||t.message||t.value)&&!\/[^a-zA-Z0-9]\/.test(t.secret)){for(var s,r,n,a=l.querySelectorAll('iframe[data-secret=\"'+t.secret+'\"]'),o=l.querySelectorAll('blockquote[data-secret=\"'+t.secret+'\"]'),c=new RegExp(\"^https?:$\",\"i\"),i=0;i<o.length;i++)o[i].style.display=\"none\";for(i=0;i<a.length;i++)s=a[i],e.source===s.contentWindow&&(s.removeAttribute(\"style\"),\"height\"===t.message?(1e3<(r=parseInt(t.value,10))?r=1e3:~~r<200&&(r=200),s.height=r):\"link\"===t.message&&(r=new URL(s.getAttribute(\"src\")),n=new URL(t.value),c.test(n.protocol))&&n.host===r.host&&l.activeElement===s&&(d.top.location.href=t.value))}},d.addEventListener(\"message\",d.wp.receiveEmbedMessage,!1),l.addEventListener(\"DOMContentLoaded\",function(){for(var e,t,s=l.querySelectorAll(\"iframe.wp-embedded-content\"),r=0;r<s.length;r++)(t=(e=s[r]).getAttribute(\"data-secret\"))||(t=Math.random().toString(36).substring(2,12),e.src+=\"#?secret=\"+t,e.setAttribute(\"data-secret\",t)),e.contentWindow.postMessage({message:\"ready\",secret:t},\"*\")},!1)))}(window,document);\n\/\/# sourceURL=https:\/\/jornalpequeno.blog.br\/johncutrim\/wp-includes\/js\/wp-embed.min.js\n\/* ]]> *\/\n<\/script>\n","description":"\u00c9 de impressionar sarneisistas que se auto- proclamavam &#8220;fi\u00e9is&#8221; (agora muitos neodinistas de ocasi\u00e3o) deixaram para criticar o PMDB e o grupo Sarney somente ap\u00f3s a derrota nas urnas. Nos \u00faltimos dias, deputados, correligion\u00e1rios e pol\u00edticos de express\u00e3o da sigla que ocupavam cargos importantes na esfera estadual e federal por indica\u00e7\u00e3o da agremia\u00e7\u00e3o e do [&hellip;]","thumbnail_url":"http:\/\/sd.keepcalm-o-matic.co.uk\/i\/keep-calm-and-viva-el-comunismo.png"}

É de impressionar sarneisistas que se auto- proclamavam &#8220;fiéis&#8221; (agora muitos neodinistas de ocasião) deixaram para criticar o PMDB e o grupo Sarney somente após a derrota nas urnas. Nos últimos dias, deputados, correligionários e políticos de expressão da sigla que ocupavam cargos importantes na esfera estadual e federal por indicação da agremiação e do [&hellip;]
