{"version":"1.0","provider_name":"John Cutrim","provider_url":"https:\/\/jornalpequeno.blog.br\/johncutrim","author_name":"John Cutrim","author_url":"https:\/\/jornalpequeno.blog.br\/johncutrim\/author\/johncutrim\/","title":"Roseana: empecilho ao desenvolvimento - John Cutrim","type":"rich","width":600,"height":338,"html":"<blockquote class=\"wp-embedded-content\" data-secret=\"fgQSTWW5xZ\"><a href=\"https:\/\/jornalpequeno.blog.br\/johncutrim\/roseana-empecilho-ao-desenvolvimento\/\">Roseana: empecilho ao desenvolvimento<\/a><\/blockquote><iframe sandbox=\"allow-scripts\" security=\"restricted\" src=\"https:\/\/jornalpequeno.blog.br\/johncutrim\/roseana-empecilho-ao-desenvolvimento\/embed\/#?secret=fgQSTWW5xZ\" width=\"600\" height=\"338\" title=\"&#8220;Roseana: empecilho ao desenvolvimento&#8221; &#8212; John Cutrim\" data-secret=\"fgQSTWW5xZ\" frameborder=\"0\" marginwidth=\"0\" marginheight=\"0\" scrolling=\"no\" class=\"wp-embedded-content\"><\/iframe><script type=\"text\/javascript\">\n\/* <![CDATA[ *\/\n\/*! This file is auto-generated *\/\n!function(d,l){\"use strict\";l.querySelector&&d.addEventListener&&\"undefined\"!=typeof URL&&(d.wp=d.wp||{},d.wp.receiveEmbedMessage||(d.wp.receiveEmbedMessage=function(e){var t=e.data;if((t||t.secret||t.message||t.value)&&!\/[^a-zA-Z0-9]\/.test(t.secret)){for(var s,r,n,a=l.querySelectorAll('iframe[data-secret=\"'+t.secret+'\"]'),o=l.querySelectorAll('blockquote[data-secret=\"'+t.secret+'\"]'),c=new RegExp(\"^https?:$\",\"i\"),i=0;i<o.length;i++)o[i].style.display=\"none\";for(i=0;i<a.length;i++)s=a[i],e.source===s.contentWindow&&(s.removeAttribute(\"style\"),\"height\"===t.message?(1e3<(r=parseInt(t.value,10))?r=1e3:~~r<200&&(r=200),s.height=r):\"link\"===t.message&&(r=new URL(s.getAttribute(\"src\")),n=new URL(t.value),c.test(n.protocol))&&n.host===r.host&&l.activeElement===s&&(d.top.location.href=t.value))}},d.addEventListener(\"message\",d.wp.receiveEmbedMessage,!1),l.addEventListener(\"DOMContentLoaded\",function(){for(var e,t,s=l.querySelectorAll(\"iframe.wp-embedded-content\"),r=0;r<s.length;r++)(t=(e=s[r]).getAttribute(\"data-secret\"))||(t=Math.random().toString(36).substring(2,12),e.src+=\"#?secret=\"+t,e.setAttribute(\"data-secret\",t)),e.contentWindow.postMessage({message:\"ready\",secret:t},\"*\")},!1)))}(window,document);\n\/\/# sourceURL=https:\/\/jornalpequeno.blog.br\/johncutrim\/wp-includes\/js\/wp-embed.min.js\n\/* ]]> *\/\n<\/script>\n","description":"Por Jos\u00e9 Reinaldo Tavares Se analisarmos friamente os anos em que a oligarquia dominou o Maranh\u00e3o, veremos com facilidade que o per\u00edodo de piores resultados consiste nos anos em que Roseana Sarney foi governadora. Foi t\u00e3o ruim que os t\u00e9cnicos da Secretaria de Planejamento (IMESC) j\u00e1 agora na sua \u00faltima gest\u00e3o, chamaram o seu per\u00edodo [&hellip;]","thumbnail_url":"http:\/\/jornalpequeno.blog.br\/johncutrim\/files\/2013\/10\/Rose1.jpg"}

Por José Reinaldo Tavares Se analisarmos friamente os anos em que a oligarquia dominou o Maranhão, veremos com facilidade que o período de piores resultados consiste nos anos em que Roseana Sarney foi governadora. Foi tão ruim que os técnicos da Secretaria de Planejamento (IMESC) já agora na sua última gestão, chamaram o seu período [&hellip;]
