{"version":"1.0","provider_name":"John Cutrim","provider_url":"https:\/\/jornalpequeno.blog.br\/johncutrim","author_name":"John Cutrim","author_url":"https:\/\/jornalpequeno.blog.br\/johncutrim\/author\/johncutrim\/","title":"Ribamar Alves prestigia posse na C\u00e2mara - John Cutrim","type":"rich","width":600,"height":338,"html":"<blockquote class=\"wp-embedded-content\" data-secret=\"cVsRMSWnZs\"><a href=\"https:\/\/jornalpequeno.blog.br\/johncutrim\/ribamar-alves-prestigia-posse-na-camara\/\">Ribamar Alves prestigia posse na C\u00e2mara<\/a><\/blockquote><iframe sandbox=\"allow-scripts\" security=\"restricted\" src=\"https:\/\/jornalpequeno.blog.br\/johncutrim\/ribamar-alves-prestigia-posse-na-camara\/embed\/#?secret=cVsRMSWnZs\" width=\"600\" height=\"338\" title=\"&#8220;Ribamar Alves prestigia posse na C\u00e2mara&#8221; &#8212; John Cutrim\" data-secret=\"cVsRMSWnZs\" frameborder=\"0\" marginwidth=\"0\" marginheight=\"0\" scrolling=\"no\" class=\"wp-embedded-content\"><\/iframe><script type=\"text\/javascript\">\n\/* <![CDATA[ *\/\n\/*! This file is auto-generated *\/\n!function(d,l){\"use strict\";l.querySelector&&d.addEventListener&&\"undefined\"!=typeof URL&&(d.wp=d.wp||{},d.wp.receiveEmbedMessage||(d.wp.receiveEmbedMessage=function(e){var t=e.data;if((t||t.secret||t.message||t.value)&&!\/[^a-zA-Z0-9]\/.test(t.secret)){for(var s,r,n,a=l.querySelectorAll('iframe[data-secret=\"'+t.secret+'\"]'),o=l.querySelectorAll('blockquote[data-secret=\"'+t.secret+'\"]'),c=new RegExp(\"^https?:$\",\"i\"),i=0;i<o.length;i++)o[i].style.display=\"none\";for(i=0;i<a.length;i++)s=a[i],e.source===s.contentWindow&&(s.removeAttribute(\"style\"),\"height\"===t.message?(1e3<(r=parseInt(t.value,10))?r=1e3:~~r<200&&(r=200),s.height=r):\"link\"===t.message&&(r=new URL(s.getAttribute(\"src\")),n=new URL(t.value),c.test(n.protocol))&&n.host===r.host&&l.activeElement===s&&(d.top.location.href=t.value))}},d.addEventListener(\"message\",d.wp.receiveEmbedMessage,!1),l.addEventListener(\"DOMContentLoaded\",function(){for(var e,t,s=l.querySelectorAll(\"iframe.wp-embedded-content\"),r=0;r<s.length;r++)(t=(e=s[r]).getAttribute(\"data-secret\"))||(t=Math.random().toString(36).substring(2,12),e.src+=\"#?secret=\"+t,e.setAttribute(\"data-secret\",t)),e.contentWindow.postMessage({message:\"ready\",secret:t},\"*\")},!1)))}(window,document);\n\/\/# sourceURL=https:\/\/jornalpequeno.blog.br\/johncutrim\/wp-includes\/js\/wp-embed.min.js\n\/* ]]> *\/\n<\/script>\n","description":"O prefeito de Santa In\u00eas, Jos\u00e9 de Ribamar Costa Alves, \u2018apertou\u2019 sua agenda de trabalho no primeiro dia do ano de 2015 para poder prestigiar as posses do vereador Orlando Ara\u00fajo Mendes como presidente da C\u00e2mara de Santa In\u00eas e do governador eleito do Maranh\u00e3o, Fl\u00e1vio Dino de Castro e Costa. Na manh\u00e3 da \u00faltima [&hellip;]","thumbnail_url":"http:\/\/jornalpequeno.blog.br\/johncutrim\/files\/2015\/01\/ribamar-1-2-300x164.jpg"}

Ribamar Alves prestigia posse na Câmara - John Cutrim

<blockquote class="wp-embedded-content" data-secret="cVsRMSWnZs"><a href="https://jornalpequeno.blog.br/johncutrim/ribamar-alves-prestigia-posse-na-camara/">Ribamar Alves prestigia posse na Câmara</a></blockquote><iframe sandbox="allow-scripts" security="restricted" src="https://jornalpequeno.blog.br/johncutrim/ribamar-alves-prestigia-posse-na-camara/embed/#?secret=cVsRMSWnZs" width="600" height="338" title="&#8220;Ribamar Alves prestigia posse na Câmara&#8221; &#8212; John Cutrim" data-secret="cVsRMSWnZs" frameborder="0" marginwidth="0" marginheight="0" scrolling="no" class="wp-embedded-content"></iframe><script type="text/javascript">
/* <![CDATA[ */
/*! This file is auto-generated */
!function(d,l){"use strict";l.querySelector&&d.addEventListener&&"undefined"!=typeof URL&&(d.wp=d.wp||{},d.wp.receiveEmbedMessage||(d.wp.receiveEmbedMessage=function(e){var t=e.data;if((t||t.secret||t.message||t.value)&&!/[^a-zA-Z0-9]/.test(t.secret)){for(var s,r,n,a=l.querySelectorAll('iframe[data-secret="'+t.secret+'"]'),o=l.querySelectorAll('blockquote[data-secret="'+t.secret+'"]'),c=new RegExp("^https?:$","i"),i=0;i<o.length;i++)o[i].style.display="none";for(i=0;i<a.length;i++)s=a[i],e.source===s.contentWindow&&(s.removeAttribute("style"),"height"===t.message?(1e3<(r=parseInt(t.value,10))?r=1e3:~~r<200&&(r=200),s.height=r):"link"===t.message&&(r=new URL(s.getAttribute("src")),n=new URL(t.value),c.test(n.protocol))&&n.host===r.host&&l.activeElement===s&&(d.top.location.href=t.value))}},d.addEventListener("message",d.wp.receiveEmbedMessage,!1),l.addEventListener("DOMContentLoaded",function(){for(var e,t,s=l.querySelectorAll("iframe.wp-embedded-content"),r=0;r<s.length;r++)(t=(e=s[r]).getAttribute("data-secret"))||(t=Math.random().toString(36).substring(2,12),e.src+="#?secret="+t,e.setAttribute("data-secret",t)),e.contentWindow.postMessage({message:"ready",secret:t},"*")},!1)))}(window,document);
//# sourceURL=https://jornalpequeno.blog.br/johncutrim/wp-includes/js/wp-embed.min.js
/* ]]> */
</script>

O prefeito de Santa Inês, José de Ribamar Costa Alves, ‘apertou’ sua agenda de trabalho no primeiro dia do ano de 2015 para poder prestigiar as posses do vereador Orlando Araújo Mendes como presidente da Câmara de Santa Inês e do governador eleito do Maranhão, Flávio Dino de Castro e Costa. Na manhã da última [&hellip;]
