{"version":"1.0","provider_name":"John Cutrim","provider_url":"https:\/\/jornalpequeno.blog.br\/johncutrim","author_name":"John Cutrim","author_url":"https:\/\/jornalpequeno.blog.br\/johncutrim\/author\/johncutrim\/","title":"Preso morre baleado ao tentar fugir de Pedrinhas - John Cutrim","type":"rich","width":600,"height":338,"html":"<blockquote class=\"wp-embedded-content\" data-secret=\"nd8JoAS1gZ\"><a href=\"https:\/\/jornalpequeno.blog.br\/johncutrim\/preso-morre-baleado-ao-tentar-fugir-de-pedrinhas\/\">Preso morre baleado ao tentar fugir de Pedrinhas<\/a><\/blockquote><iframe sandbox=\"allow-scripts\" security=\"restricted\" src=\"https:\/\/jornalpequeno.blog.br\/johncutrim\/preso-morre-baleado-ao-tentar-fugir-de-pedrinhas\/embed\/#?secret=nd8JoAS1gZ\" width=\"600\" height=\"338\" title=\"&#8220;Preso morre baleado ao tentar fugir de Pedrinhas&#8221; &#8212; John Cutrim\" data-secret=\"nd8JoAS1gZ\" frameborder=\"0\" marginwidth=\"0\" marginheight=\"0\" scrolling=\"no\" class=\"wp-embedded-content\"><\/iframe><script type=\"text\/javascript\">\n\/* <![CDATA[ *\/\n\/*! This file is auto-generated *\/\n!function(d,l){\"use strict\";l.querySelector&&d.addEventListener&&\"undefined\"!=typeof URL&&(d.wp=d.wp||{},d.wp.receiveEmbedMessage||(d.wp.receiveEmbedMessage=function(e){var t=e.data;if((t||t.secret||t.message||t.value)&&!\/[^a-zA-Z0-9]\/.test(t.secret)){for(var s,r,n,a=l.querySelectorAll('iframe[data-secret=\"'+t.secret+'\"]'),o=l.querySelectorAll('blockquote[data-secret=\"'+t.secret+'\"]'),c=new RegExp(\"^https?:$\",\"i\"),i=0;i<o.length;i++)o[i].style.display=\"none\";for(i=0;i<a.length;i++)s=a[i],e.source===s.contentWindow&&(s.removeAttribute(\"style\"),\"height\"===t.message?(1e3<(r=parseInt(t.value,10))?r=1e3:~~r<200&&(r=200),s.height=r):\"link\"===t.message&&(r=new URL(s.getAttribute(\"src\")),n=new URL(t.value),c.test(n.protocol))&&n.host===r.host&&l.activeElement===s&&(d.top.location.href=t.value))}},d.addEventListener(\"message\",d.wp.receiveEmbedMessage,!1),l.addEventListener(\"DOMContentLoaded\",function(){for(var e,t,s=l.querySelectorAll(\"iframe.wp-embedded-content\"),r=0;r<s.length;r++)(t=(e=s[r]).getAttribute(\"data-secret\"))||(t=Math.random().toString(36).substring(2,12),e.src+=\"#?secret=\"+t,e.setAttribute(\"data-secret\",t)),e.contentWindow.postMessage({message:\"ready\",secret:t},\"*\")},!1)))}(window,document);\n\/\/# sourceURL=https:\/\/jornalpequeno.blog.br\/johncutrim\/wp-includes\/js\/wp-embed.min.js\n\/* ]]> *\/\n<\/script>\n","description":"POR OSWALDO VIVIANI O detento Jocean Soares Dantas morreu no fim da tarde desta segunda-feira ao ser baleado por um vigilante, na Casa de Deten\u00e7\u00e3o (Cadet) \u2013 unidade do Complexo Penitenci\u00e1rio de Pedrinhas, em S\u00e3o Lu\u00eds (MA). Por meio de nota, a Secretaria de Estado de Comunica\u00e7\u00e3o (Secom) confirmou a morte e informou que Jocean [&hellip;]","thumbnail_url":"https:\/\/jornalpequeno.blog.br\/johncutrim\/files\/2017\/03\/Captura-de-Tela-2017-03-21-a\u0300s-02.54.27.png","thumbnail_width":530,"thumbnail_height":242}

POR OSWALDO VIVIANI O detento Jocean Soares Dantas morreu no fim da tarde desta segunda-feira ao ser baleado por um vigilante, na Casa de Detenção (Cadet) – unidade do Complexo Penitenciário de Pedrinhas, em São Luís (MA). Por meio de nota, a Secretaria de Estado de Comunicação (Secom) confirmou a morte e informou que Jocean [&hellip;]
