{"version":"1.0","provider_name":"John Cutrim","provider_url":"https:\/\/jornalpequeno.blog.br\/johncutrim","author_name":"John Cutrim","author_url":"https:\/\/jornalpequeno.blog.br\/johncutrim\/author\/johncutrim\/","title":"O sucessor de Jair Bolsonaro em 2026 - John Cutrim","type":"rich","width":600,"height":338,"html":"<blockquote class=\"wp-embedded-content\" data-secret=\"h6sBlW1rI3\"><a href=\"https:\/\/jornalpequeno.blog.br\/johncutrim\/o-sucessor-de-jair-bolsonaro-em-2026\/\">O sucessor de Jair Bolsonaro em 2026<\/a><\/blockquote><iframe sandbox=\"allow-scripts\" security=\"restricted\" src=\"https:\/\/jornalpequeno.blog.br\/johncutrim\/o-sucessor-de-jair-bolsonaro-em-2026\/embed\/#?secret=h6sBlW1rI3\" width=\"600\" height=\"338\" title=\"&#8220;O sucessor de Jair Bolsonaro em 2026&#8221; &#8212; John Cutrim\" data-secret=\"h6sBlW1rI3\" frameborder=\"0\" marginwidth=\"0\" marginheight=\"0\" scrolling=\"no\" class=\"wp-embedded-content\"><\/iframe><script type=\"text\/javascript\">\n\/* <![CDATA[ *\/\n\/*! This file is auto-generated *\/\n!function(d,l){\"use strict\";l.querySelector&&d.addEventListener&&\"undefined\"!=typeof URL&&(d.wp=d.wp||{},d.wp.receiveEmbedMessage||(d.wp.receiveEmbedMessage=function(e){var t=e.data;if((t||t.secret||t.message||t.value)&&!\/[^a-zA-Z0-9]\/.test(t.secret)){for(var s,r,n,a=l.querySelectorAll('iframe[data-secret=\"'+t.secret+'\"]'),o=l.querySelectorAll('blockquote[data-secret=\"'+t.secret+'\"]'),c=new RegExp(\"^https?:$\",\"i\"),i=0;i<o.length;i++)o[i].style.display=\"none\";for(i=0;i<a.length;i++)s=a[i],e.source===s.contentWindow&&(s.removeAttribute(\"style\"),\"height\"===t.message?(1e3<(r=parseInt(t.value,10))?r=1e3:~~r<200&&(r=200),s.height=r):\"link\"===t.message&&(r=new URL(s.getAttribute(\"src\")),n=new URL(t.value),c.test(n.protocol))&&n.host===r.host&&l.activeElement===s&&(d.top.location.href=t.value))}},d.addEventListener(\"message\",d.wp.receiveEmbedMessage,!1),l.addEventListener(\"DOMContentLoaded\",function(){for(var e,t,s=l.querySelectorAll(\"iframe.wp-embedded-content\"),r=0;r<s.length;r++)(t=(e=s[r]).getAttribute(\"data-secret\"))||(t=Math.random().toString(36).substring(2,12),e.src+=\"#?secret=\"+t,e.setAttribute(\"data-secret\",t)),e.contentWindow.postMessage({message:\"ready\",secret:t},\"*\")},!1)))}(window,document);\n\/\/# sourceURL=https:\/\/jornalpequeno.blog.br\/johncutrim\/wp-includes\/js\/wp-embed.min.js\n\/* ]]> *\/\n<\/script>\n","thumbnail_url":"https:\/\/jornalpequeno.blog.br\/johncutrim\/files\/2021\/08\/bolsonaro-1.jpg","thumbnail_width":984,"thumbnail_height":656,"description":"Num evento de arrecada\u00e7\u00e3o de fundos para sua campanha, Tarc\u00edsio de Freitas foi expl\u00edcito sobre suas ambi\u00e7\u00f5es pol\u00edticas. Em pelo menos uma rodinha de conversa de que participou disse que, se for eleito governador de S\u00e3o Paulo, ser\u00e1 \u201co sucessor de\u00a0Jair Bolsonaro\u00a0em 2026\u201d. (Atualiza\u00e7\u00e3o: Tarc\u00edsio de Freitas entrou em contato e afirmou que jamais teve [&hellip;]"}

Num evento de arrecadação de fundos para sua campanha, Tarcísio de Freitas foi explícito sobre suas ambições políticas. Em pelo menos uma rodinha de conversa de que participou disse que, se for eleito governador de São Paulo, será “o sucessor de Jair Bolsonaro em 2026”. (Atualização: Tarcísio de Freitas entrou em contato e afirmou que jamais teve [&hellip;]
