{"version":"1.0","provider_name":"John Cutrim","provider_url":"https:\/\/jornalpequeno.blog.br\/johncutrim","author_name":"John Cutrim","author_url":"https:\/\/jornalpequeno.blog.br\/johncutrim\/author\/johncutrim\/","title":"Eliziane apresenta requerimento para debate com Zelensky - John Cutrim","type":"rich","width":600,"height":338,"html":"<blockquote class=\"wp-embedded-content\" data-secret=\"UwklpAvtW6\"><a href=\"https:\/\/jornalpequeno.blog.br\/johncutrim\/eliziane-apresenta-requerimento-para-debate-com-zelensky\/\">Eliziane apresenta requerimento para debate com Zelensky<\/a><\/blockquote><iframe sandbox=\"allow-scripts\" security=\"restricted\" src=\"https:\/\/jornalpequeno.blog.br\/johncutrim\/eliziane-apresenta-requerimento-para-debate-com-zelensky\/embed\/#?secret=UwklpAvtW6\" width=\"600\" height=\"338\" title=\"&#8220;Eliziane apresenta requerimento para debate com Zelensky&#8221; &#8212; John Cutrim\" data-secret=\"UwklpAvtW6\" frameborder=\"0\" marginwidth=\"0\" marginheight=\"0\" scrolling=\"no\" class=\"wp-embedded-content\"><\/iframe><script type=\"text\/javascript\">\n\/* <![CDATA[ *\/\n\/*! This file is auto-generated *\/\n!function(d,l){\"use strict\";l.querySelector&&d.addEventListener&&\"undefined\"!=typeof URL&&(d.wp=d.wp||{},d.wp.receiveEmbedMessage||(d.wp.receiveEmbedMessage=function(e){var t=e.data;if((t||t.secret||t.message||t.value)&&!\/[^a-zA-Z0-9]\/.test(t.secret)){for(var s,r,n,a=l.querySelectorAll('iframe[data-secret=\"'+t.secret+'\"]'),o=l.querySelectorAll('blockquote[data-secret=\"'+t.secret+'\"]'),c=new RegExp(\"^https?:$\",\"i\"),i=0;i<o.length;i++)o[i].style.display=\"none\";for(i=0;i<a.length;i++)s=a[i],e.source===s.contentWindow&&(s.removeAttribute(\"style\"),\"height\"===t.message?(1e3<(r=parseInt(t.value,10))?r=1e3:~~r<200&&(r=200),s.height=r):\"link\"===t.message&&(r=new URL(s.getAttribute(\"src\")),n=new URL(t.value),c.test(n.protocol))&&n.host===r.host&&l.activeElement===s&&(d.top.location.href=t.value))}},d.addEventListener(\"message\",d.wp.receiveEmbedMessage,!1),l.addEventListener(\"DOMContentLoaded\",function(){for(var e,t,s=l.querySelectorAll(\"iframe.wp-embedded-content\"),r=0;r<s.length;r++)(t=(e=s[r]).getAttribute(\"data-secret\"))||(t=Math.random().toString(36).substring(2,12),e.src+=\"#?secret=\"+t,e.setAttribute(\"data-secret\",t)),e.contentWindow.postMessage({message:\"ready\",secret:t},\"*\")},!1)))}(window,document);\n\/\/# sourceURL=https:\/\/jornalpequeno.blog.br\/johncutrim\/wp-includes\/js\/wp-embed.min.js\n\/* ]]> *\/\n<\/script>\n","thumbnail_url":"https:\/\/jornalpequeno.blog.br\/johncutrim\/files\/2022\/03\/eliziane-gama-senado-848x477.jpg","thumbnail_width":848,"thumbnail_height":477,"description":"A senadora Eliziane Gama (Cidadania-MA) apresentou nesta 5\u00aa feira (17.mar.2022) um requerimento para um debate no Senado com Volodymyr Zelensky, presidente da Ucr\u00e2nia. \u201cA participa\u00e7\u00e3o do l\u00edder Volodymyr Zelensky em uma sess\u00e3o do Senado Federal, tal como j\u00e1 ocorreu em outros pa\u00edses democr\u00e1ticos como Estados Unidos e Alemanha, seria um gesto do nosso Senado Federal, [&hellip;]"}

A senadora Eliziane Gama (Cidadania-MA) apresentou nesta 5ª feira (17.mar.2022) um requerimento para um debate no Senado com Volodymyr Zelensky, presidente da Ucrânia. “A participação do líder Volodymyr Zelensky em uma sessão do Senado Federal, tal como já ocorreu em outros países democráticos como Estados Unidos e Alemanha, seria um gesto do nosso Senado Federal, [&hellip;]
