{"version":"1.0","provider_name":"John Cutrim","provider_url":"https:\/\/jornalpequeno.blog.br\/johncutrim","author_name":"John Cutrim","author_url":"https:\/\/jornalpequeno.blog.br\/johncutrim\/author\/johncutrim\/","title":"Edivaldo e Roberto Rocha mais pr\u00f3ximos - John Cutrim","type":"rich","width":600,"height":338,"html":"<blockquote class=\"wp-embedded-content\" data-secret=\"78K9UtHxx0\"><a href=\"https:\/\/jornalpequeno.blog.br\/johncutrim\/edivaldo-e-roberto-rocha-mais-proximos\/\">Edivaldo e Roberto Rocha mais pr\u00f3ximos<\/a><\/blockquote><iframe sandbox=\"allow-scripts\" security=\"restricted\" src=\"https:\/\/jornalpequeno.blog.br\/johncutrim\/edivaldo-e-roberto-rocha-mais-proximos\/embed\/#?secret=78K9UtHxx0\" width=\"600\" height=\"338\" title=\"&#8220;Edivaldo e Roberto Rocha mais pr\u00f3ximos&#8221; &#8212; John Cutrim\" data-secret=\"78K9UtHxx0\" frameborder=\"0\" marginwidth=\"0\" marginheight=\"0\" scrolling=\"no\" class=\"wp-embedded-content\"><\/iframe><script type=\"text\/javascript\">\n\/* <![CDATA[ *\/\n\/*! This file is auto-generated *\/\n!function(d,l){\"use strict\";l.querySelector&&d.addEventListener&&\"undefined\"!=typeof URL&&(d.wp=d.wp||{},d.wp.receiveEmbedMessage||(d.wp.receiveEmbedMessage=function(e){var t=e.data;if((t||t.secret||t.message||t.value)&&!\/[^a-zA-Z0-9]\/.test(t.secret)){for(var s,r,n,a=l.querySelectorAll('iframe[data-secret=\"'+t.secret+'\"]'),o=l.querySelectorAll('blockquote[data-secret=\"'+t.secret+'\"]'),c=new RegExp(\"^https?:$\",\"i\"),i=0;i<o.length;i++)o[i].style.display=\"none\";for(i=0;i<a.length;i++)s=a[i],e.source===s.contentWindow&&(s.removeAttribute(\"style\"),\"height\"===t.message?(1e3<(r=parseInt(t.value,10))?r=1e3:~~r<200&&(r=200),s.height=r):\"link\"===t.message&&(r=new URL(s.getAttribute(\"src\")),n=new URL(t.value),c.test(n.protocol))&&n.host===r.host&&l.activeElement===s&&(d.top.location.href=t.value))}},d.addEventListener(\"message\",d.wp.receiveEmbedMessage,!1),l.addEventListener(\"DOMContentLoaded\",function(){for(var e,t,s=l.querySelectorAll(\"iframe.wp-embedded-content\"),r=0;r<s.length;r++)(t=(e=s[r]).getAttribute(\"data-secret\"))||(t=Math.random().toString(36).substring(2,12),e.src+=\"#?secret=\"+t,e.setAttribute(\"data-secret\",t)),e.contentWindow.postMessage({message:\"ready\",secret:t},\"*\")},!1)))}(window,document);\n\/\/# sourceURL=https:\/\/jornalpequeno.blog.br\/johncutrim\/wp-includes\/js\/wp-embed.min.js\n\/* ]]> *\/\n<\/script>\n","description":"O Senador Roberto Rocha reuniu-se, em S\u00e3o Lu\u00eds, com o prefeito da capital maranhense, Edivaldo Holanda Jr., para apresentar o projeto de saneamento ambiental e revitaliza\u00e7\u00e3o urbana da Lagoa da Jansen. Rocha apresentou tamb\u00e9m ao prefeito os projetos de sua autoria no Senado Federal para o desenvolvimento do turismo e gera\u00e7\u00e3o de empregos de S\u00e3o [&hellip;]","thumbnail_url":"https:\/\/scontent-gru1-1.xx.fbcdn.net\/hphotos-xta1\/v\/t1.0-9\/12341082_1030979166922982_1081914536196665165_n.jpg?oh=e1802a5c97927992ed5bcfacc0d00f45&amp;oe=56F5ED40"}

Edivaldo e Roberto Rocha mais próximos - John Cutrim

<blockquote class="wp-embedded-content" data-secret="78K9UtHxx0"><a href="https://jornalpequeno.blog.br/johncutrim/edivaldo-e-roberto-rocha-mais-proximos/">Edivaldo e Roberto Rocha mais próximos</a></blockquote><iframe sandbox="allow-scripts" security="restricted" src="https://jornalpequeno.blog.br/johncutrim/edivaldo-e-roberto-rocha-mais-proximos/embed/#?secret=78K9UtHxx0" width="600" height="338" title="&#8220;Edivaldo e Roberto Rocha mais próximos&#8221; &#8212; John Cutrim" data-secret="78K9UtHxx0" frameborder="0" marginwidth="0" marginheight="0" scrolling="no" class="wp-embedded-content"></iframe><script type="text/javascript">
/* <![CDATA[ */
/*! This file is auto-generated */
!function(d,l){"use strict";l.querySelector&&d.addEventListener&&"undefined"!=typeof URL&&(d.wp=d.wp||{},d.wp.receiveEmbedMessage||(d.wp.receiveEmbedMessage=function(e){var t=e.data;if((t||t.secret||t.message||t.value)&&!/[^a-zA-Z0-9]/.test(t.secret)){for(var s,r,n,a=l.querySelectorAll('iframe[data-secret="'+t.secret+'"]'),o=l.querySelectorAll('blockquote[data-secret="'+t.secret+'"]'),c=new RegExp("^https?:$","i"),i=0;i<o.length;i++)o[i].style.display="none";for(i=0;i<a.length;i++)s=a[i],e.source===s.contentWindow&&(s.removeAttribute("style"),"height"===t.message?(1e3<(r=parseInt(t.value,10))?r=1e3:~~r<200&&(r=200),s.height=r):"link"===t.message&&(r=new URL(s.getAttribute("src")),n=new URL(t.value),c.test(n.protocol))&&n.host===r.host&&l.activeElement===s&&(d.top.location.href=t.value))}},d.addEventListener("message",d.wp.receiveEmbedMessage,!1),l.addEventListener("DOMContentLoaded",function(){for(var e,t,s=l.querySelectorAll("iframe.wp-embedded-content"),r=0;r<s.length;r++)(t=(e=s[r]).getAttribute("data-secret"))||(t=Math.random().toString(36).substring(2,12),e.src+="#?secret="+t,e.setAttribute("data-secret",t)),e.contentWindow.postMessage({message:"ready",secret:t},"*")},!1)))}(window,document);
//# sourceURL=https://jornalpequeno.blog.br/johncutrim/wp-includes/js/wp-embed.min.js
/* ]]> */
</script>

O Senador Roberto Rocha reuniu-se, em São Luís, com o prefeito da capital maranhense, Edivaldo Holanda Jr., para apresentar o projeto de saneamento ambiental e revitalização urbana da Lagoa da Jansen. Rocha apresentou também ao prefeito os projetos de sua autoria no Senado Federal para o desenvolvimento do turismo e geração de empregos de São [&hellip;]
